{"id":1879,"date":"2024-09-18T22:03:51","date_gmt":"2024-09-18T22:03:51","guid":{"rendered":"https:\/\/acueductoasojuaica.com\/?page_id=1879"},"modified":"2024-09-18T22:46:00","modified_gmt":"2024-09-18T22:46:00","slug":"actualizacion-de-datos","status":"publish","type":"page","link":"https:\/\/acueductoasojuaica.com\/index.php\/actualizacion-de-datos\/","title":{"rendered":"Actualizacion de datos"},"content":{"rendered":"\t\t<div data-elementor-type=\"wp-page\" data-elementor-id=\"1879\" class=\"elementor elementor-1879\" data-elementor-settings=\"[]\">\n\t\t\t\t\t\t\t<div class=\"elementor-section-wrap\">\n\t\t\t\t\t\t\t<section class=\"elementor-section elementor-top-section elementor-element elementor-element-df9ec4b elementor-section-boxed elementor-section-height-default elementor-section-height-default\" data-id=\"df9ec4b\" data-element_type=\"section\" data-settings=\"{&quot;background_background&quot;:&quot;classic&quot;}\">\n\t\t\t\t\t\t\t<div class=\"elementor-background-overlay\"><\/div>\n\t\t\t\t\t\t\t<div class=\"elementor-container elementor-column-gap-default\">\n\t\t\t\t\t<div class=\"elementor-column elementor-col-100 elementor-top-column elementor-element elementor-element-15af553 ot-flex-column-vertical\" data-id=\"15af553\" data-element_type=\"column\">\n\t\t\t<div class=\"elementor-widget-wrap elementor-element-populated\">\n\t\t\t\t\t\t\t\t<div class=\"elementor-element elementor-element-5983080 elementor-widget elementor-widget-heading\" data-id=\"5983080\" data-element_type=\"widget\" data-widget_type=\"heading.default\">\n\t\t\t\t<div class=\"elementor-widget-container\">\n\t\t\t<h2 class=\"elementor-heading-title elementor-size-default\">Actualiza tus datos<\/h2>\t\t<\/div>\n\t\t\t\t<\/div>\n\t\t\t\t\t<\/div>\n\t\t<\/div>\n\t\t\t\t\t\t\t<\/div>\n\t\t<\/section>\n\t\t\t\t<section class=\"elementor-section elementor-top-section elementor-element elementor-element-d4f025f elementor-section-boxed elementor-section-height-default elementor-section-height-default\" data-id=\"d4f025f\" data-element_type=\"section\">\n\t\t\t\t\t\t<div class=\"elementor-container elementor-column-gap-default\">\n\t\t\t\t\t<div class=\"elementor-column elementor-col-100 elementor-top-column elementor-element elementor-element-fe86fee ot-flex-column-vertical\" data-id=\"fe86fee\" data-element_type=\"column\">\n\t\t\t<div class=\"elementor-widget-wrap elementor-element-populated\">\n\t\t\t\t\t\t\t\t<div class=\"elementor-element elementor-element-0537e45 elementor-widget elementor-widget-text-editor\" data-id=\"0537e45\" data-element_type=\"widget\" data-widget_type=\"text-editor.default\">\n\t\t\t\t<div class=\"elementor-widget-container\">\n\t\t\t\t\t\t\t\t<p>Se\u00f1or usuario para nosotros es muy importante garantizar que la informaci\u00f3n llegue oportunamente a ustedes.<\/p><p>Por esta raz\u00f3n, le solicitamos su colaboraci\u00f3n para actualizar los siguientes datos:<\/p><ul><li>Numero de tel\u00e9fono<\/li><li>Correo electr\u00f3nico<\/li><\/ul><p>Puedes utilizar nuestros canales de atenci\u00f3n<\/p><p><strong>Whatsapp:<\/strong> <a href=\"https:\/\/wa.me\/+573118728196\">+57 311 872 8196<\/a><br \/><span style=\"text-decoration: underline;\"><a href=\"mailto:acueductoasojuaica@gmail.com\">acueductoasojuaica@gmail.com<\/a><\/span><\/p>\t\t\t\t\t\t<\/div>\n\t\t\t\t<\/div>\n\t\t\t\t\t<\/div>\n\t\t<\/div>\n\t\t\t\t\t\t\t<\/div>\n\t\t<\/section>\n\t\t\t\t\t\t<\/div>\n\t\t\t\t\t<\/div>\n\t\t","protected":false},"excerpt":{"rendered":"<p>Actualiza tus datos Se\u00f1or usuario para nosotros es muy importante garantizar que la informaci\u00f3n llegue oportunamente a ustedes. Por esta raz\u00f3n, le solicitamos su colaboraci\u00f3n para actualizar los siguientes datos: Numero de tel\u00e9fono Correo electr\u00f3nico Puedes utilizar nuestros canales de atenci\u00f3n Whatsapp: +57 311 872 8196acueductoasojuaica@gmail.com<\/p>\n","protected":false},"author":1,"featured_media":0,"parent":0,"menu_order":0,"comment_status":"closed","ping_status":"closed","template":"","meta":{"om_disable_all_campaigns":false,"_monsterinsights_skip_tracking":false,"_monsterinsights_sitenote_active":false,"_monsterinsights_sitenote_note":"","_monsterinsights_sitenote_category":0,"footnotes":""},"class_list":["post-1879","page","type-page","status-publish","hentry"],"_links":{"self":[{"href":"https:\/\/acueductoasojuaica.com\/index.php\/wp-json\/wp\/v2\/pages\/1879","targetHints":{"allow":["GET"]}}],"collection":[{"href":"https:\/\/acueductoasojuaica.com\/index.php\/wp-json\/wp\/v2\/pages"}],"about":[{"href":"https:\/\/acueductoasojuaica.com\/index.php\/wp-json\/wp\/v2\/types\/page"}],"author":[{"embeddable":true,"href":"https:\/\/acueductoasojuaica.com\/index.php\/wp-json\/wp\/v2\/users\/1"}],"replies":[{"embeddable":true,"href":"https:\/\/acueductoasojuaica.com\/index.php\/wp-json\/wp\/v2\/comments?post=1879"}],"version-history":[{"count":4,"href":"https:\/\/acueductoasojuaica.com\/index.php\/wp-json\/wp\/v2\/pages\/1879\/revisions"}],"predecessor-version":[{"id":1884,"href":"https:\/\/acueductoasojuaica.com\/index.php\/wp-json\/wp\/v2\/pages\/1879\/revisions\/1884"}],"wp:attachment":[{"href":"https:\/\/acueductoasojuaica.com\/index.php\/wp-json\/wp\/v2\/media?parent=1879"}],"curies":[{"name":"wp","href":"https:\/\/api.w.org\/{rel}","templated":true}]}}